 greatest common factor of 14063 and 2317.
7
What is the highest common divisor of 5025 and 16475?
25
Calculate the greatest common factor of 81 and 192321.
27
What is the greatest common factor of 209172 and 18?
6
What is the highest common factor of 1580 and 606325?
395
Calculate the highest common factor of 12901 and 29876.
679
What is the highest common factor of 19813 and 13?
1
Calculate the greatest common factor of 652073 and 23.
23
Calculate the highest common factor of 6003 and 8188.
23
What is the greatest common divisor of 5448 and 240?
24
Calculate the highest common factor of 39458 and 436.
218
What is the greatest common divisor of 32877 and 351?
117
What is the highest common factor of 48597 and 6179?
167
What is the greatest common factor of 37760 and 9760?
160
What is the highest common factor of 16 and 163?
1
What is the greatest common factor of 27 and 1851?
3
Calculate the greatest common divisor of 44856 and 2016.
504
Calculate the highest common divisor of 2487328 and 380.
76
Calculate the highest common factor of 580 and 37468.
116
Calculate the greatest common factor of 660 and 358920.
60
Calculate the highest common divisor of 777 and 65009.
259
What is the greatest common divisor of 36868 and 126202?
1418
Calculate the highest common factor of 11 and 231737.
11
What is the greatest common divisor of 517 and 3008?
47
Calculate the highest common divisor of 47 and 4783.
1
What is the highest common divisor of 477 and 17?
1
What is the highest common divisor of 94 and 181984?
94
What is the highest common divisor of 167 and 15529497?
167
What is the greatest common factor of 1357614 and 135?
27
What is the highest common factor of 3458 and 154?
14
Calculate the highest common factor of 342 and 21888.
342
What is the greatest common factor of 7890447 and 951?
951
What is the highest common divisor of 6444 and 1908?
36
Calculate the greatest common factor of 1684 and 110723.
421
Calculate the highest common divisor of 6016 and 1664.
128
Calculate the greatest common factor of 9477 and 43875.
351
Calculate the highest common factor of 17907 and 12643.
47
Calculate the highest common factor of 63976 and 374.
22
Calculate the highest common divisor of 114 and 38494.
38
What is the highest common factor of 16 and 14832?
16
Calculate the highest common divisor of 203 and 1443881.
29
Calculate the highest common factor of 154989 and 765.
153
What is the highest common divisor of 1600 and 131488?
32
What is the greatest common divisor of 46376 and 680?
136
Calculate the highest common divisor of 312 and 6816.
24
What is the highest common divisor of 3460 and 8131?
173
Calculate the greatest common factor of 69975 and 27.
9
What is the greatest common factor of 313600 and 6664?
392
What is the highest common divisor of 7125 and 23085?
285
Calculate the highest common divisor of 2055 and 510.
15
What is the highest common divisor of 74206 and 110?
22
What is the greatest common factor of 15152 and 32?
16
Calculate the greatest common divisor of 2528 and 2291.
79
What is the highest common factor of 16 and 65944?
8
What is the greatest common divisor of 56 and 2849?
7
What is the highest common factor of 37650 and 150?
150
Calculate the greatest common divisor of 82 and 571622.
82
What is the highest common divisor of 328024 and 24?
8
Calculate the highest common divisor of 58089 and 3179.
289
What is the highest common divisor of 694953 and 945?
189
What is the highest common factor of 117 and 104221?
13
Calculate the highest common factor of 196 and 184191.
49
What is the greatest common divisor of 1440 and 2136060?
180
What is the highest common divisor of 18171 and 189?
27
Calculate the highest common divisor of 249 and 822.
3
Calculate the highest common factor of 448 and 74144.
224
What is the greatest common divisor of 1236 and 1266?
6
Calculate the highest common factor of 5038272 and 576.
576
What is the highest common factor of 14 and 195692?
14
Calculate the greatest common factor of 1186056 and 228.
228
What is the highest common factor of 3478 and 1406?
74
Calculate the highest common divisor of 4864 and 109136.
304
What is the highest common divisor of 2164299 and 87?
87
Calculate the greatest common divisor of 130160 and 20.
20
Calculate the greatest common factor of 6660656 and 16.
16
Calculate the greatest common divisor of 320 and 4230.
10
What is the greatest common divisor of 116 and 216572?
116
Calculate the highest common factor of 788 and 204289.
197
What is the greatest common divisor of 676491 and 219?
219
What is the highest common divisor of 77063 and 545?
109
What is the greatest common divisor of 1710 and 235467?
171
Calculate the greatest common factor of 18792 and 936.
72
Calculate the greatest common factor of 24 and 1609656.
24
What is the greatest common divisor of 1268738 and 249?
83
What is the greatest common factor of 1748 and 22344?
76
Calculate the greatest common divisor of 604716 and 322.
322
Calculate the highest common factor of 370 and 120805.
185
What is the greatest common divisor of 520030 and 476?
238
Calculate the highest common factor of 14 and 251384.
14
What is the highest common divisor of 200733 and 572?
13
Calculate the highest common factor of 16789 and 78074.
103
What is the highest common factor of 112 and 1211448?
56
What is the greatest common divisor of 5940 and 858?
66
Calculate the highest common factor of 59416 and 102917.
1061
What is the highest common divisor of 76 and 49628?
76
Calculate the highest common factor of 1913259 and 1774.
887
Calculate the greatest common factor of 293 and 35746.
293
What is the greatest common divisor of 88099 and 88?
11
Calculate the greatest common divisor of 7 and 22869.
7
What is the highest common factor of 1 and 315493?
1
Calculate the greatest common divisor of 56946 and 24.
6
What is the greatest common divisor of 454753 and 65?
13
Calculate the greatest common divisor of 564 and 410028.
564
What is the highest common divisor of 17856 and 3720?
744
What is the highest common divisor of 21375 and 152?
19
What is the highest common divisor of 51435 and 4455?
405
What is the greatest common factor of 240274 and 76?
38
Calculate the greatest common factor of 96 and 167928.
24
What is the highest common factor of 7424 and 4292?
116
Calculate the highest common factor of 34956 and 96.
12
Calculate the highest common divisor of 6117 and 4.
1
What is the greatest common divisor of 4425270 and 1530?
510
What is the highest common factor of 1545 and 1455?
15
Calculate the greatest common factor of 4879 and 61336.
697
What is the greatest common divisor of 1508 and 234?
26
What is the greatest common divisor of 18674 and 4?
2
What is the greatest common divisor of 26657 and 38456?
437
What is the highest common divisor of 4106442 and 12?
6
Calculate the greatest common factor of 6800 and 122672.
272
Calculate the greatest common factor of 32318 and 858.
286
What is the greatest common factor of 387 and 643065?
129
What is the greatest common factor of 34272 and 588?
84
What is the greatest common factor of 142098 and 66?
66
Calculate the greatest common divisor of 28 and 27316.
4
Calculate the greatest common divisor of 11072 and 2941.
173
What is the greatest common divisor of 402 and 26599?
67
Calculate the highest common factor of 15512 and 56.
56
Calculate the highest common divisor of 62664 and 168.
168
Calculate the greatest common factor of 1782 and 3069.
99
Calculate the greatest common divisor of 101 and 108272.
101
Calculate the greatest common divisor of 16191896 and 56.
56
What is the greatest common factor of 11 and 4127?
1
What is the greatest common factor of 2020 and 442885?
505
What is the highest common divisor of 62310 and 775?
155
Calculate the highest common factor of 560 and 3470.
10
What is the greatest common factor of 24 and 1496046?
6
Calculate the highest common divisor of 37634 and 1798.
62
Calculate the highest common factor of 609330 and 19.
19
Calculate the greatest common divisor of 34839 and 441.
441
Calculate the highest common factor of 255038 and 98.
14
Calculate the greatest common divisor of 785215 and 3395.
485
What is the greatest common divisor of 64491 and 156177?
777
Calculate the highest co